{"id":4,"date":"2015-02-22T12:27:46","date_gmt":"2015-02-22T11:27:46","guid":{"rendered":"http:\/\/localhost\/cefra\/?page_id=4"},"modified":"2025-08-20T15:52:46","modified_gmt":"2025-08-20T13:52:46","slug":"accueil","status":"publish","type":"page","link":"https:\/\/www.cefra.ch\/","title":{"rendered":"Accueil"},"content":{"rendered":"<h1>\u00a0<\/h1>\n<h1 style=\"font-size: 26px; text-align: center !important; color: #009eff !important; line-height: 32px; margin-bottom: 0px;\">Fond\u00e9 en 1991 \u00e0 Gen\u00e8ve (Suisse) , le CEFRA est un Centre de Formation et de Recherche sur les strat\u00e9gies d&rsquo;apprentissage..<\/h1>\n<p><div class=\"section \" style=\"background-color: #ffffff; border: none; padding: 40px 0 40px 0; \"><div class=\"container clearfix\"><div class=\"sixteen columns\"><\/p>\n<p><div class=\"two_third\"><h2 class=\"title\"><span>Le Centre a pour but<\/span><\/h2><\/p>\n<ul>\n<li>d&rsquo;informer ( et de former) sur les diff\u00e9rentes <b>strat\u00e9gies d&rsquo;apprentissage<\/b>;<\/li>\n<li>de donner des formations, en particulier en <b>gestion mentale<\/b>, en <b>didactique des sciences,<\/b>\u00a0en <b>analyse de situations groupales, <\/b>en<b> \u00e9valuation autonomisante <\/b>et en<b> utilisant l&rsquo;erreur pour apprendre.<\/b><\/li>\n<\/ul>\n<p><h2 class=\"title\"><span>Il s&rsquo;adresse<\/span><\/h2><\/p>\n<ul>\n<li>aux jeunes (\u00e9coliers, coll\u00e9giens, apprentis, \u00e9tudiants)<\/li>\n<li>aux adultes (enseignants, formateurs, parents, responsables des ressources humaines, etc.)<\/li>\n<li>aux groupes, entreprises, institutions, etc.<\/li>\n<li>aux personnes \u00e2g\u00e9es<\/li>\n<\/ul>\n<p><h2 class=\"title\"><span>Il propose<\/span><\/h2><\/p>\n<ul>\n<li><strong>pour les jeunes:<\/strong> un suivi p\u00e9dagogique individuel<\/li>\n<li><strong>pour les adultes:<\/strong>\n<ul>\n<li>s\u00e9minaires de sensibilisation ou de formation en Gestion mentale et Strat\u00e9gies d&rsquo;Apprentissage. didactique des\u00a0Sciences, Apprentissage par l&rsquo;autonomie, en Analyse de Situations Groupales et en \u00e9valuation autonomisante.<\/li>\n<li>conf\u00e9rences<\/li>\n<li>analyses de pratiques p\u00e9dagogiques<\/li>\n<li>supervision<\/li>\n<\/ul>\n<\/li>\n<li>\u00ab\u00a0entretien-profil\u00a0\u00bb individuel destin\u00e9 \u00e0 mettre en \u00e9vidence son propre fonctionnement mental (portrait cognitif), utile pour r\u00e9ussir mais \u00e9galement pour entreprendre un changement de carri\u00e8re.<\/li>\n<li><strong>pour des institutions:<\/strong> expertises p\u00e9dagogiques<\/li>\n<li><strong>pour les personnes \u00e2g\u00e9es:<\/strong> groupes de discussion.<\/li>\n<\/ul>\n<p><h2 class=\"title\"><span>Les publications du CEFRA<\/span><\/h2><br \/>Marie-Louise Zimmermann-Asta et Jean-Luc Zimmermann ont publi\u00e9 huit livres qui permettent \u00e0 chaque formateur ou enseignant concern\u00e9 par \u00ab l\u2019\u00e9ducabilit\u00e9 cognitive \u00bb de se cr\u00e9er son propre \u00ab vitrail p\u00e9dagogique \u00bb qui n\u2019est pas une bouillie de verre pil\u00e9.<br \/>Mais aussi des ouvrages pour les personnes qui travaillent en \u00e9quipe. Un nouveau livre vient d\u2019\u00eatre publi\u00e9 chez Chronique sociale dans la rubrique <em>Comprendre les personnes.<\/em><\/p>\n<p><img loading=\"lazy\" decoding=\"async\" class=\"alignnone wp-image-124782\" src=\"https:\/\/www.cefra.ch\/wp-content\/uploads\/2023\/09\/2023_02-Zimmermann_Cefra-Tract.jpg\" alt=\"\" width=\"574\" height=\"815\" srcset=\"https:\/\/www.cefra.ch\/wp-content\/uploads\/2023\/09\/2023_02-Zimmermann_Cefra-Tract.jpg 1748w, https:\/\/www.cefra.ch\/wp-content\/uploads\/2023\/09\/2023_02-Zimmermann_Cefra-Tract-211x300.jpg 211w, https:\/\/www.cefra.ch\/wp-content\/uploads\/2023\/09\/2023_02-Zimmermann_Cefra-Tract-722x1024.jpg 722w, https:\/\/www.cefra.ch\/wp-content\/uploads\/2023\/09\/2023_02-Zimmermann_Cefra-Tract-768x1090.jpg 768w, https:\/\/www.cefra.ch\/wp-content\/uploads\/2023\/09\/2023_02-Zimmermann_Cefra-Tract-1083x1536.jpg 1083w, https:\/\/www.cefra.ch\/wp-content\/uploads\/2023\/09\/2023_02-Zimmermann_Cefra-Tract-1444x2048.jpg 1444w\" sizes=\"auto, (max-width: 574px) 100vw, 574px\" \/><\/p>\n<p style=\"text-align: center;\"><a title=\"Nouveau livre paru chez Chronique sociale en 2025 dans la rubrique comprendre les personnes : \u00ab Cultiver son cerveau afin de mieux vieillir \u00bb\" href=\"https:\/\/www.cefra.ch\/index.php\/nouveau-livre-paru-chez-chronique-sociale-en-2025-dans-la-rubrique-comprendre-les-personnes\/\"><img loading=\"lazy\" decoding=\"async\" class=\"alignnone size-full wp-image-181239\" src=\"https:\/\/www.cefra.ch\/wp-content\/uploads\/2025\/08\/cultiver_son_cerveau_new.png\" alt=\"\" width=\"286\" height=\"420\" srcset=\"https:\/\/www.cefra.ch\/wp-content\/uploads\/2025\/08\/cultiver_son_cerveau_new.png 286w, https:\/\/www.cefra.ch\/wp-content\/uploads\/2025\/08\/cultiver_son_cerveau_new-204x300.png 204w\" sizes=\"auto, (max-width: 286px) 100vw, 286px\" \/><\/a><\/p>\n<p><h2 class=\"title\"><span>Brochure<\/span><\/h2><\/p>\n<p><a href=\"https:\/\/www.cefra.ch\/index.php\/brochure-de-gestion-mentale-en-anglais\/\"><img loading=\"lazy\" decoding=\"async\" width=\"209\" height=\"300\" class=\"aligncenter wp-image-4446\" style=\"width: 35%; border: 1px solid #000000;\" src=\"https:\/\/www.cefra.ch\/wp-content\/uploads\/2020\/06\/alongthepaths-209x300.png\" alt=\"\" srcset=\"https:\/\/www.cefra.ch\/wp-content\/uploads\/2020\/06\/alongthepaths-209x300.png 209w, https:\/\/www.cefra.ch\/wp-content\/uploads\/2020\/06\/alongthepaths.png 433w\" sizes=\"auto, (max-width: 209px) 100vw, 209px\" \/><\/a><\/p>\n<p><\/div><br \/><div class=\"one_third last\"><\/p>\n\n\n\n<p><h2 class=\"title\"><span>Livres<\/span><\/h2><\/p>\n<\/p>\n<p><a href=\"https:\/\/www.cefra.ch\/wp-content\/uploads\/2025\/08\/cultiver_son_cerveau_new.png\"><img loading=\"lazy\" decoding=\"async\" class=\"alignnone wp-image-181239\" src=\"https:\/\/www.cefra.ch\/wp-content\/uploads\/2025\/08\/cultiver_son_cerveau_new.png\" alt=\"\" width=\"214\" height=\"314\" srcset=\"https:\/\/www.cefra.ch\/wp-content\/uploads\/2025\/08\/cultiver_son_cerveau_new.png 286w, https:\/\/www.cefra.ch\/wp-content\/uploads\/2025\/08\/cultiver_son_cerveau_new-204x300.png 204w\" sizes=\"auto, (max-width: 214px) 100vw, 214px\" \/><\/a><\/p>\n<p><a href=\"https:\/\/www.cefra.ch\/wp-content\/uploads\/2025\/08\/couverture_optimiser.png\"><img loading=\"lazy\" decoding=\"async\" class=\"alignnone wp-image-181228\" src=\"https:\/\/www.cefra.ch\/wp-content\/uploads\/2025\/08\/couverture_optimiser.png\" alt=\"\" width=\"214\" height=\"310\" srcset=\"https:\/\/www.cefra.ch\/wp-content\/uploads\/2025\/08\/couverture_optimiser.png 300w, https:\/\/www.cefra.ch\/wp-content\/uploads\/2025\/08\/couverture_optimiser-207x300.png 207w\" sizes=\"auto, (max-width: 214px) 100vw, 214px\" \/><\/a><\/p>\n<p><img loading=\"lazy\" decoding=\"async\" class=\"alignnone wp-image-124575\" src=\"https:\/\/www.cefra.ch\/wp-content\/uploads\/2023\/09\/vitrail_pedagogique_nonew.png\" alt=\"\" width=\"203\" height=\"284\" srcset=\"https:\/\/www.cefra.ch\/wp-content\/uploads\/2023\/09\/vitrail_pedagogique_nonew.png 300w, https:\/\/www.cefra.ch\/wp-content\/uploads\/2023\/09\/vitrail_pedagogique_nonew-214x300.png 214w\" sizes=\"auto, (max-width: 203px) 100vw, 203px\" \/><\/p>\n<p><img loading=\"lazy\" decoding=\"async\" class=\"alignnone size-medium wp-image-78312\" src=\"https:\/\/www.cefra.ch\/wp-content\/uploads\/2022\/06\/enseigner_apprendre_outils_gestion_mentale-1-204x300.png\" alt=\"\" width=\"204\" height=\"300\" srcset=\"https:\/\/www.cefra.ch\/wp-content\/uploads\/2022\/06\/enseigner_apprendre_outils_gestion_mentale-1-204x300.png 204w, https:\/\/www.cefra.ch\/wp-content\/uploads\/2022\/06\/enseigner_apprendre_outils_gestion_mentale-1.png 282w\" sizes=\"auto, (max-width: 204px) 100vw, 204px\" \/><\/p>\n<p><img loading=\"lazy\" decoding=\"async\" class=\"alignnone wp-image-25824 size-medium\" src=\"https:\/\/www.cefra.ch\/wp-content\/uploads\/2021\/04\/relations_humaines_toxicite_mentale-195x300.png\" alt=\"\" width=\"195\" height=\"300\" srcset=\"https:\/\/www.cefra.ch\/wp-content\/uploads\/2021\/04\/relations_humaines_toxicite_mentale-195x300.png 195w, https:\/\/www.cefra.ch\/wp-content\/uploads\/2021\/04\/relations_humaines_toxicite_mentale.png 279w\" sizes=\"auto, (max-width: 195px) 100vw, 195px\" \/><\/p>\n<p><img loading=\"lazy\" decoding=\"async\" class=\"alignnone wp-image-25769 size-medium\" src=\"https:\/\/www.cefra.ch\/wp-content\/uploads\/2021\/04\/concevoir_pratiquer_evaluation_automisante-195x300.png\" alt=\"\" width=\"195\" height=\"300\" srcset=\"https:\/\/www.cefra.ch\/wp-content\/uploads\/2021\/04\/concevoir_pratiquer_evaluation_automisante-195x300.png 195w, https:\/\/www.cefra.ch\/wp-content\/uploads\/2021\/04\/concevoir_pratiquer_evaluation_automisante.png 280w\" sizes=\"auto, (max-width: 195px) 100vw, 195px\" \/><\/p>\n<p><img loading=\"lazy\" decoding=\"async\" class=\"alignnone wp-image-25802 size-medium\" src=\"https:\/\/www.cefra.ch\/wp-content\/uploads\/2021\/04\/gerer_un_groupe_formation-196x300.png\" alt=\"\" width=\"196\" height=\"300\" srcset=\"https:\/\/www.cefra.ch\/wp-content\/uploads\/2021\/04\/gerer_un_groupe_formation-196x300.png 196w, https:\/\/www.cefra.ch\/wp-content\/uploads\/2021\/04\/gerer_un_groupe_formation.png 279w\" sizes=\"auto, (max-width: 196px) 100vw, 196px\" \/><\/p>\n<p><img loading=\"lazy\" decoding=\"async\" class=\"alignnone wp-image-25780 size-medium\" src=\"https:\/\/www.cefra.ch\/wp-content\/uploads\/2021\/04\/decouvrir_les_gestes_mentaux-196x300.png\" alt=\"\" width=\"196\" height=\"300\" srcset=\"https:\/\/www.cefra.ch\/wp-content\/uploads\/2021\/04\/decouvrir_les_gestes_mentaux-196x300.png 196w, https:\/\/www.cefra.ch\/wp-content\/uploads\/2021\/04\/decouvrir_les_gestes_mentaux.png 280w\" sizes=\"auto, (max-width: 196px) 100vw, 196px\" \/><\/p>\n<p><img loading=\"lazy\" decoding=\"async\" class=\"alignnone wp-image-25758 size-medium\" src=\"https:\/\/www.cefra.ch\/wp-content\/uploads\/2021\/04\/apprendre_par_autonomie-195x300.png\" alt=\"\" width=\"195\" height=\"300\" srcset=\"https:\/\/www.cefra.ch\/wp-content\/uploads\/2021\/04\/apprendre_par_autonomie-195x300.png 195w, https:\/\/www.cefra.ch\/wp-content\/uploads\/2021\/04\/apprendre_par_autonomie.png 280w\" sizes=\"auto, (max-width: 195px) 100vw, 195px\" \/><\/p>\n<p><\/div><div class=\"clear\"><\/div><\/p>\n<p><\/div><\/div><\/div><\/p>","protected":false},"excerpt":{"rendered":"<p>\u00a0 Fond\u00e9 en 1991 \u00e0 Gen\u00e8ve (Suisse) , le CEFRA est un Centre de Formation et de Recherche sur les strat\u00e9gies d&rsquo;apprentissage.. Le Centre a pour but d&rsquo;informer ( et de former) sur les diff\u00e9rentes strat\u00e9gies d&rsquo;apprentissage; de donner des formations, en particulier en gestion mentale, en didactique des sciences,\u00a0en\u2026 <a href=\"https:\/\/www.cefra.ch\/\" class=\"read-more-link\">Lire la suite &rarr;<\/a><\/p>\n","protected":false},"author":1,"featured_media":0,"parent":0,"menu_order":0,"comment_status":"closed","ping_status":"closed","template":"page-fullwidth.php","meta":{"om_disable_all_campaigns":false,"_monsterinsights_skip_tracking":false,"_monsterinsights_sitenote_active":false,"_monsterinsights_sitenote_note":"","_monsterinsights_sitenote_category":0,"_uf_show_specific_survey":0,"_uf_disable_surveys":false,"footnotes":""},"class_list":["post-4","page","type-page","status-publish","hentry"],"aioseo_notices":[],"_links":{"self":[{"href":"https:\/\/www.cefra.ch\/index.php\/wp-json\/wp\/v2\/pages\/4","targetHints":{"allow":["GET"]}}],"collection":[{"href":"https:\/\/www.cefra.ch\/index.php\/wp-json\/wp\/v2\/pages"}],"about":[{"href":"https:\/\/www.cefra.ch\/index.php\/wp-json\/wp\/v2\/types\/page"}],"author":[{"embeddable":true,"href":"https:\/\/www.cefra.ch\/index.php\/wp-json\/wp\/v2\/users\/1"}],"replies":[{"embeddable":true,"href":"https:\/\/www.cefra.ch\/index.php\/wp-json\/wp\/v2\/comments?post=4"}],"version-history":[{"count":125,"href":"https:\/\/www.cefra.ch\/index.php\/wp-json\/wp\/v2\/pages\/4\/revisions"}],"predecessor-version":[{"id":182601,"href":"https:\/\/www.cefra.ch\/index.php\/wp-json\/wp\/v2\/pages\/4\/revisions\/182601"}],"wp:attachment":[{"href":"https:\/\/www.cefra.ch\/index.php\/wp-json\/wp\/v2\/media?parent=4"}],"curies":[{"name":"wp","href":"https:\/\/api.w.org\/{rel}","templated":true}]}}